{"id":118,"date":"2017-03-21T15:46:37","date_gmt":"2017-03-21T15:46:37","guid":{"rendered":"http:\/\/www.cobdc.net\/seminaris\/?page_id=118"},"modified":"2017-03-21T15:46:37","modified_gmt":"2017-03-21T15:46:37","slug":"participants","status":"publish","type":"page","link":"https:\/\/www.cobdc.net\/seminaris\/participants\/","title":{"rendered":"Participants"},"content":{"rendered":"<table style=\"width: 616.817px;\">\n<tbody>\n<tr>\n<td style=\"width: 10px; background-color: #8e258d;\"><\/td>\n<td style=\"width: 623.817px;\"><span style=\"color: #8e258d;\"><strong>DEFINIM I DEFENSEM<\/strong><\/span><\/p>\n<p style=\"text-align: justify;\">M\u2019havien dit que els joves no llegeixen, per\u00f2 faig pr\u00e9stecs de novel\u00b7la juvenil i tornen entusiasmats (o no) amb el que han llegit.<\/p>\n<p style=\"text-align: justify;\">M\u2019havien dit que als joves no els agrada llegir, per\u00f2 jo diria que els encanta (encara que alguns encara no ho saben).<\/p>\n<p style=\"text-align: justify;\">M\u2019havien dit que la gent a qui li agrada llegir ho diu amb la boca petita, per\u00f2 comen\u00e7o a pensar que en realitat ho criden als quatre vents.<\/p>\n<p style=\"text-align: justify;\">Diuen que per als joves tot \u00e9s festa, que no tenen interessos, per\u00f2 n\u2019hi ha que estan molt sols i s\u00ed que tenen coses a dir.<\/p>\n<p style=\"text-align: justify;\">He sentit dir molts cops que als nens, nenes, adolescents i joves, no llegeixen si no \u00e9s per obligaci\u00f3, no m\u2019ho crec, perqu\u00e8 quan t\u2019hi acostes amb bones hist\u00f2ries, s\u2019emocionen i ho gaudeixen\u2026 Potser s\u00ed que cal anar-los a buscar. Un cop hi entren, diria que \u00e9s per sempre!<\/p>\n<p style=\"text-align: justify;\">Sempre havia pensat que als clubs de lectura nom\u00e9s s\u2019havia de parlar de llibres, per\u00f2 sento que els llibres nom\u00e9s s\u00f3n una excusa per parlar de moltes inquietuds.<\/p>\n<p style=\"text-align: justify;\">M\u2019havien dit que la inspiraci\u00f3 arriba sempre, per\u00f2 avui sembla que va amb retard\u2026 Ho sento, no se m\u2019acut res!<\/p>\n<p style=\"text-align: justify;\">M\u2019havien dit que els joves passen de tot, per\u00f2 jo crec que si una cosa els agrada s\u2019hi impliquen i es comprometen.<\/p>\n<p style=\"text-align: justify;\">M\u2019havien dit que els joves s\u00f3n dif\u00edcils i van a la seva per\u00f2 jo crec que nom\u00e9s volen que els vegin i els escoltin.<\/p>\n<p style=\"text-align: justify;\">Em pensava que la secci\u00f3 de filosofia no tenia cap futur en una biblioteca de barri i est\u00e0 sent usada per qui menys ho diries.<\/p>\n<p style=\"text-align: justify;\">Em pensava que a les biblioteques hi havia espai per als joves, per\u00f2 no.<\/p>\n<\/td>\n<\/tr>\n<\/tbody>\n<\/table>\n<table style=\"width: 616px;\">\n<tbody>\n<tr>\n<td style=\"width: 10px; background-color: #3366ff;\"><\/td>\n<td style=\"width: 603px;\"><span style=\"color: #3366ff;\"><strong>M\u2019ESTIMARIA M\u00c9S NO FER-HO<\/strong><\/span><\/p>\n<p style=\"text-align: justify;\">No volem que vingui gent for\u00e7ada.<\/p>\n<p style=\"text-align: justify;\">No volem que vinguin nom\u00e9s lectors (joves que ja llegeixen), sin\u00f3 gent que no llegeix gaire i transmetre el gust i plaer per la lectura.<\/p>\n<p style=\"text-align: justify;\">No volem que vinguin obligats pels pares, volem que vinguin a divertir-se llegint.<\/p>\n<p style=\"text-align: justify;\">No volem que pensin que s\u00f3n uns \u201cfrikis\u201d per pert\u00e0nyer a un club de lectura.<\/p>\n<p style=\"text-align: justify;\">No volem que sigui un espai r\u00edgid.<\/p>\n<p style=\"text-align: justify;\">Un club de lectura jove no \u00e9s una extensi\u00f3 de l\u2019escola.<\/p>\n<p style=\"text-align: justify;\">No \u00e9s una activitat extraescolar disciplinar, \u00e9s oci.<\/p>\n<p style=\"text-align: justify;\">No \u00e9s un \u201cm\u2019agrada\/no m\u2019agrada aquest llibre\u201d.<\/p>\n<p style=\"text-align: justify;\">No som els que ens sabem m\u00e9s, he de ser c\u00f2mplices, entre tots \u00e9s millor.<\/p>\n<p style=\"text-align: justify;\">No \u00e9s un crim tancar un llibre al segon cap\u00edtol si no ens agrada.<\/p>\n<p style=\"text-align: justify;\">No \u00e9s un espai per lluir-se o demostrar res, sin\u00f3 per compartir viv\u00e8ncies, opinions\u2026 per cr\u00e9ixer.<\/p>\n<\/td>\n<\/tr>\n<\/tbody>\n<\/table>\n<p>&nbsp;<\/p>\n","protected":false},"excerpt":{"rendered":"<p>DEFINIM I DEFENSEM M\u2019havien dit que els joves no llegeixen, per\u00f2 faig pr\u00e9stecs de novel\u00b7la juvenil i tornen entusiasmats (o no) amb el que han llegit. M\u2019havien dit que als [&hellip;]<\/p>\n","protected":false},"author":1,"featured_media":0,"parent":0,"menu_order":0,"comment_status":"closed","ping_status":"closed","template":"","meta":{"footnotes":""},"class_list":["post-118","page","type-page","status-publish","hentry"],"_links":{"self":[{"href":"https:\/\/www.cobdc.net\/seminaris\/wp-json\/wp\/v2\/pages\/118","targetHints":{"allow":["GET"]}}],"collection":[{"href":"https:\/\/www.cobdc.net\/seminaris\/wp-json\/wp\/v2\/pages"}],"about":[{"href":"https:\/\/www.cobdc.net\/seminaris\/wp-json\/wp\/v2\/types\/page"}],"author":[{"embeddable":true,"href":"https:\/\/www.cobdc.net\/seminaris\/wp-json\/wp\/v2\/users\/1"}],"replies":[{"embeddable":true,"href":"https:\/\/www.cobdc.net\/seminaris\/wp-json\/wp\/v2\/comments?post=118"}],"version-history":[{"count":3,"href":"https:\/\/www.cobdc.net\/seminaris\/wp-json\/wp\/v2\/pages\/118\/revisions"}],"predecessor-version":[{"id":121,"href":"https:\/\/www.cobdc.net\/seminaris\/wp-json\/wp\/v2\/pages\/118\/revisions\/121"}],"wp:attachment":[{"href":"https:\/\/www.cobdc.net\/seminaris\/wp-json\/wp\/v2\/media?parent=118"}],"curies":[{"name":"wp","href":"https:\/\/api.w.org\/{rel}","templated":true}]}}