{"id":2084,"date":"2015-09-09T19:24:59","date_gmt":"2015-09-09T19:24:59","guid":{"rendered":"http:\/\/greenassociatesaccountants.com\/dynamism\/?page_id=2084"},"modified":"2026-03-24T17:10:02","modified_gmt":"2026-03-24T17:10:02","slug":"quisom","status":"publish","type":"page","link":"https:\/\/www.cobdc.net\/gtbescolars\/quisom\/","title":{"rendered":"Qui som?"},"content":{"rendered":"<div class=\"wpb-content-wrapper\">[vc_row bg_type=&#8221;image&#8221; parallax_style=&#8221;vcpb-default&#8221; bg_image_new=&#8221;1713|http:\/\/greenassociatesaccountants.com\/dynamism\/wp-content\/uploads\/2015\/02\/A-4.jpg&#8221; bg_image_repeat=&#8221;no-repeat&#8221; bg_image_posiiton=&#8221;bottom top&#8221; enable_overlay=&#8221;enable_overlay_value&#8221; overlay_color=&#8221;rgba(10,10,10,0.7)&#8221; overlay_pattern=&#8221;transperant&#8221; css=&#8221;.vc_custom_1457639796132{margin-bottom: 0px !important;}&#8221; el_class=&#8221;mobile-pad&#8221;][vc_column css=&#8221;.vc_custom_1457639811633{padding-right: 0px !important;padding-left: 0px !important;}&#8221;]<div class=\"ult-spacer spacer-69f5b2e44ddbe\" data-id=\"69f5b2e44ddbe\" data-height=\"70\" data-height-mobile=\"30\" data-height-tab=\"50\" data-height-tab-portrait=\"50\" data-height-mobile-landscape=\"30\" style=\"clear:both;display:block;\"><\/div><div id=\"ultimate-heading-884269f5b2e44ddff\" class=\"uvc-heading ult-adjust-bottom-margin ultimate-heading-884269f5b2e44ddff uvc-9838 \" data-hspacer=\"no_spacer\"  data-halign=\"center\" style=\"text-align:center\"><div class=\"uvc-heading-spacer no_spacer\" style=\"top\"><\/div><div class=\"uvc-main-heading ult-responsive\"  data-ultimate-target='.uvc-heading.ultimate-heading-884269f5b2e44ddff h2'  data-responsive-json-new='{\"font-size\":\"desktop:55px;\",\"line-height\":\"desktop:65px;\"}' ><h2 style=\"font-weight:bold;color:#ffffff;\">Qui som?<\/h2><\/div><div class=\"uvc-sub-heading ult-responsive\"  data-ultimate-target='.uvc-heading.ultimate-heading-884269f5b2e44ddff .uvc-sub-heading '  data-responsive-json-new='{\"font-size\":\"desktop:18px;\",\"line-height\":\"\"}'  style=\"font-weight:normal;color:#ffffff;margin-top:12px;\">El Grup de Treball de Biblioteques Escolars del COBDC est\u00e0 format per persones que treballen a biblioteca p\u00fablica i biblioteca escolar. La gran majoria dels membres del grup s\u00f3n titulades en Biblioteconomia i Documentaci\u00f3, tot i que tamb\u00e9 hi trobem altres perfils.<\/div><\/div><div class=\"ult-spacer spacer-69f5b2e44de33\" data-id=\"69f5b2e44de33\" data-height=\"70\" data-height-mobile=\"30\" data-height-tab=\"50\" data-height-tab-portrait=\"50\" data-height-mobile-landscape=\"30\" style=\"clear:both;display:block;\"><\/div>[\/vc_column][\/vc_row][vc_row el_class=&#8221;mobile-pad&#8221; css=&#8221;.vc_custom_1457639858184{margin-bottom: 0px !important;}&#8221;][vc_column css=&#8221;.vc_custom_1457639830569{padding-right: 0px !important;padding-left: 0px !important;}&#8221;]<div class=\"ult-spacer spacer-69f5b2e44de41\" data-id=\"69f5b2e44de41\" data-height=\"70\" data-height-mobile=\"30\" data-height-tab=\"50\" data-height-tab-portrait=\"50\" data-height-mobile-landscape=\"30\" style=\"clear:both;display:block;\"><\/div>[vc_row_inner css=&#8221;.vc_custom_1457639878326{margin: 0px !important;padding: 0px !important;}&#8221;][vc_column_inner width=&#8221;1\/6&#8243;][\/vc_column_inner][vc_column_inner width=&#8221;2\/3&#8243;][vc_column_text css=&#8221;.vc_custom_1661365433480{margin-bottom: 10px !important;}&#8221;]\n<h1 style=\"color: #2a9675; text-align: center;\">Coordinaci\u00f3<\/h1>\n[\/vc_column_text][vc_separator color=&#8221;custom&#8221; style=&#8221;double&#8221; el_width=&#8221;10&#8243; css=&#8221;.vc_custom_1454180045574{margin-top: 0px !important;margin-bottom: 0px !important;}&#8221; accent_color=&#8221;#2A9675&#8243;][vc_column_text css=&#8221;.vc_custom_1661365455739{margin-top: 20px !important;}&#8221;]\n<p style=\"text-align: center;\"><em>El grup de treball est\u00e0 coordinat actualment per les seg\u00fcents persones:<\/em><\/p>\n[\/vc_column_text][\/vc_column_inner][vc_column_inner width=&#8221;1\/6&#8243;][\/vc_column_inner][\/vc_row_inner][vc_row_inner css=&#8221;.vc_custom_1457642166919{margin: 0px !important;padding: 0px !important;}&#8221;][vc_column_inner]<div class=\"ult_pricing_table_wrap ult_info_table ult_design_4  ult-cs-custom  \">\r\n\t\t\t\t\t<div class=\"ult_pricing_table info_min_ht\" style=\"background:#fbfbfb;border-top-color:#2a9675; min-height:410px;\"><div id=\"Info-table-wrap-3384\" class=\"ult_pricing_heading\">\r\n\t\t\t\t\t\t\t<h3 class=\"ult-responsive\"  data-ultimate-target='#Info-table-wrap-3384 h3'  data-responsive-json-new='{\"font-size\":\"desktop:24px;\",\"line-height\":\"\"}'  style=\"font-family:&#039;Source Sans Pro&#039;;font-weight:bold;\">Jordi Bosch<\/h3><h5 class=\"ult-responsive\" style=\"font-style:italic;font-weight:normal;\">Coordinador del grup<\/h5><\/div><!--ult_pricing_heading--><div class=\"ult_price_body_block\">\r\n\t\t\t\t\t\t\t<div class=\"ult_price_body\">\r\n\t\t\t\t\t\t\t\t<div class=\"ult_price\">\r\n\t\t\t\t\t\t\t\t\t<div class=\"ult-just-icon-wrapper  \"><div class=\"align-icon\" style=\"text-align:center;\">\n<div class=\"aio-icon-img \" style=\"font-size:230px;display:inline-block;\" >\n\t<img decoding=\"async\" class=\"img-icon\" alt=\"Jordi Bosch\" src=\"https:\/\/i0.wp.com\/www.cobdc.net\/gtbescolars\/wp-content\/uploads\/2022\/10\/Jordi.jpg?fit=300%2C294&#038;ssl=1\"\/>\n<\/div><\/div><\/div>\r\n\t\t\t\t\t\t\t\t<\/div>\r\n\t\t\t\t\t\t\t<\/div>\r\n\t\t\t\t\t\t<\/div><!--ult_price_body_block--><div id=\"info_table_features_wrap-5924\"  data-ultimate-target='#info_table_features_wrap-5924.ult_price_features'  data-responsive-json-new='{\"font-size\":\"desktop:16px;\",\"line-height\":\"desktop:24px;\"}'  class=\"ult-responsive ult_price_features\" style=\"font-family:&#039;Source Sans Pro&#039;;font-weight:normal;font-size:desktop:16px;px;line-height:desktop:24px;px;\">\r\n\t\t\t\t\t\t\t<p><strong>Jordi Bosch<\/strong>. Director de la Biblioteca del Sud (Sabadell). S&#8217;ha especialitzat en usuaris adolescents a aquest tipus d&#8217;equipament.<\/p>\n\r\n\t\t\t\t\t\t<\/div><!--ult_price_features--><div class=\"ult_clr\"><\/div>\r\n\t\t\t<\/div><!--pricing_table-->\r\n\t\t<\/div><!--pricing_table_wrap-->[\/vc_column_inner][\/vc_row_inner][vc_row_inner css=&#8221;.vc_custom_1457642233564{margin: 0px !important;padding: 0px !important;}&#8221;][vc_column_inner width=&#8221;1\/6&#8243;][\/vc_column_inner][vc_column_inner width=&#8221;2\/3&#8243;][vc_column_text]\n<h2 style=\"color: #2a9675; text-align: center;\">Membres<\/h2>\n[\/vc_column_text][\/vc_column_inner][vc_column_inner width=&#8221;1\/6&#8243;][\/vc_column_inner][\/vc_row_inner][vc_row_inner css=&#8221;.vc_custom_1457642276065{margin: 0px !important;padding: 0px !important;}&#8221;][vc_column_inner width=&#8221;1\/6&#8243;][\/vc_column_inner][vc_column_inner width=&#8221;1\/6&#8243;]<div class=\"ult-new-ib ult-ib-effect-style5  ult-ib-resp ult-ib2-min-height \" data-min-width=\"768\" data-max-width=\"900\" style=\"background:#ffffff; opacity:0; \" data-opacity=\"1\" data-hover-opacity=\"0.3\"  data-min-height=\"172\" ><img decoding=\"async\" class=\"ult-new-ib-img\" style=\"opacity:1;\" alt=\"null\" src=\"https:\/\/i0.wp.com\/www.cobdc.net\/gtbescolars\/wp-content\/uploads\/2022\/10\/foto_Julia-Baena.png?fit=406%2C443&#038;ssl=1\"  data-min-height=\"172\"   \/><div id=\"interactive-banner-wrap-4923\" class=\"ult-new-ib-desc\" style=\"background:banner_style;\"><h2 class=\"ult-new-ib-title ult-responsive\"  data-ultimate-target='#interactive-banner-wrap-4923 .ult-new-ib-title'  data-responsive-json-new='{\"font-size\":\"\",\"line-height\":\"\"}'  style=\"font-weight:normal;color:#2a9675;\">J\u00falia Baena<\/h2><div class=\"ult-new-ib-content ult-responsive\"  data-ultimate-target='#interactive-banner-wrap-4923 .ult-new-ib-content'  data-responsive-json-new='{\"font-size\":\"\",\"line-height\":\"\"}'  style=\"font-weight:normal;color:#2a9675;\"><p>Bibliotec\u00e0ria escolar i professora Universitat de Barcelona<\/p><\/div><\/div><\/div><div class=\"ult-new-ib ult-ib-effect-style5  ult-ib-resp ult-ib2-min-height \" data-min-width=\"768\" data-max-width=\"900\" style=\"background:#ffffff; opacity:0; \" data-opacity=\"1\" data-hover-opacity=\"0.3\"  data-min-height=\"172\" ><img decoding=\"async\" class=\"ult-new-ib-img\" style=\"opacity:1;\" alt=\"Eva Miraball\" src=\"https:\/\/i0.wp.com\/www.cobdc.net\/gtbescolars\/wp-content\/uploads\/2022\/10\/evamiraball2022-e1665337142251.jpeg?fit=1152%2C1152&#038;ssl=1\"  data-min-height=\"172\"   \/><div id=\"interactive-banner-wrap-1550\" class=\"ult-new-ib-desc\" style=\"background:banner_style;\"><h2 class=\"ult-new-ib-title ult-responsive\"  data-ultimate-target='#interactive-banner-wrap-1550 .ult-new-ib-title'  data-responsive-json-new='{\"font-size\":\"\",\"line-height\":\"\"}'  style=\"font-weight:normal;color:#2a9675;\">Eva Miraball<\/h2><div class=\"ult-new-ib-content ult-responsive\"  data-ultimate-target='#interactive-banner-wrap-1550 .ult-new-ib-content'  data-responsive-json-new='{\"font-size\":\"\",\"line-height\":\"\"}'  style=\"font-weight:normal;color:#2a9675;\"><p>Bibliotec\u00e0ria escolar a l\u2019escola concertada<\/p><\/div><\/div><\/div><div class=\"ult-new-ib ult-ib-effect-style5  ult-ib-resp ult-ib2-min-height \" data-min-width=\"768\" data-max-width=\"900\" style=\"background:#ffffff; opacity:0; \" data-opacity=\"1\" data-hover-opacity=\"0.3\"  data-min-height=\"172\" ><img decoding=\"async\" class=\"ult-new-ib-img\" style=\"opacity:1;\" alt=\"Eva Miraball\" src=\"https:\/\/i0.wp.com\/www.cobdc.net\/gtbescolars\/wp-content\/uploads\/2022\/10\/evamiraball2022-e1665337142251.jpeg?fit=1152%2C1152&#038;ssl=1\"  data-min-height=\"172\"   \/><div id=\"interactive-banner-wrap-6976\" class=\"ult-new-ib-desc\" style=\"background:banner_style;\"><h2 class=\"ult-new-ib-title ult-responsive\"  data-ultimate-target='#interactive-banner-wrap-6976 .ult-new-ib-title'  data-responsive-json-new='{\"font-size\":\"\",\"line-height\":\"\"}'  style=\"font-weight:normal;color:#2a9675;\">Eva Miraball<\/h2><div class=\"ult-new-ib-content ult-responsive\"  data-ultimate-target='#interactive-banner-wrap-6976 .ult-new-ib-content'  data-responsive-json-new='{\"font-size\":\"\",\"line-height\":\"\"}'  style=\"font-weight:normal;color:#2a9675;\"><p>Bibliotec\u00e0ria escolar a l\u2019escola concertada<\/p><\/div><\/div><\/div>[\/vc_column_inner][vc_column_inner width=&#8221;1\/6&#8243;]<div class=\"ult-new-ib ult-ib-effect-style5  ult-ib-resp ult-ib2-min-height \" data-min-width=\"768\" data-max-width=\"900\" style=\"background:#ffffff; opacity:0; \" data-opacity=\"1\" data-hover-opacity=\"0.3\"  data-min-height=\"172\" ><img decoding=\"async\" class=\"ult-new-ib-img\" style=\"opacity:1;\" alt=\"null\" src=\"https:\/\/i0.wp.com\/www.cobdc.net\/gtbescolars\/wp-content\/uploads\/2022\/08\/Baro.jpg?fit=200%2C200&#038;ssl=1\"  data-min-height=\"172\"   \/><div id=\"interactive-banner-wrap-9893\" class=\"ult-new-ib-desc\" style=\"background:banner_style;\"><h2 class=\"ult-new-ib-title ult-responsive\"  data-ultimate-target='#interactive-banner-wrap-9893 .ult-new-ib-title'  data-responsive-json-new='{\"font-size\":\"\",\"line-height\":\"\"}'  style=\"font-weight:normal;color:#2a9675;\">M\u00f2nica Bar\u00f3<\/h2><div class=\"ult-new-ib-content ult-responsive\"  data-ultimate-target='#interactive-banner-wrap-9893 .ult-new-ib-content'  data-responsive-json-new='{\"font-size\":\"\",\"line-height\":\"\"}'  style=\"font-weight:normal;color:#2a9675;\"><p>Professora. Universitat de Barcelona<\/p><\/div><\/div><\/div><div class=\"ult-new-ib ult-ib-effect-style5  ult-ib-resp ult-ib2-min-height \" data-min-width=\"768\" data-max-width=\"900\" style=\"background:#ffffff; opacity:0; \" data-opacity=\"1\" data-hover-opacity=\"0.3\"  data-min-height=\"172\" ><img decoding=\"async\" class=\"ult-new-ib-img\" style=\"opacity:1;\" alt=\"null\" src=\"https:\/\/i0.wp.com\/www.cobdc.net\/gtbescolars\/wp-content\/uploads\/2022\/10\/IMG-5794-e1664607955965.jpg?fit=488%2C488&#038;ssl=1\"  data-min-height=\"172\"   \/><div id=\"interactive-banner-wrap-7732\" class=\"ult-new-ib-desc\" style=\"background:banner_style;\"><h2 class=\"ult-new-ib-title ult-responsive\"  data-ultimate-target='#interactive-banner-wrap-7732 .ult-new-ib-title'  data-responsive-json-new='{\"font-size\":\"\",\"line-height\":\"\"}'  style=\"font-weight:normal;color:#2a9675;\">Carlos Ortiz<\/h2><div class=\"ult-new-ib-content ult-responsive\"  data-ultimate-target='#interactive-banner-wrap-7732 .ult-new-ib-content'  data-responsive-json-new='{\"font-size\":\"\",\"line-height\":\"\"}'  style=\"font-weight:normal;color:#2a9675;\"><p>Bibliotecari escolar i formador<\/p><\/div><\/div><a class=\"ult-new-ib-link\" href=\"http:\/\/bibliotecarioenlaescuela.blogspot.com\/\" title=\"Blog de biblioteca escolar\" target=\"_blank\" rel=\"noopener\"  ><\/a><\/div>[\/vc_column_inner][vc_column_inner width=&#8221;1\/6&#8243;]<div class=\"ult-new-ib ult-ib-effect-style5  ult-ib-resp ult-ib2-min-height \" data-min-width=\"768\" data-max-width=\"900\" style=\"background:#ffffff; opacity:0; \" data-opacity=\"1\" data-hover-opacity=\"0.3\"  data-min-height=\"172\" ><img decoding=\"async\" class=\"ult-new-ib-img\" style=\"opacity:1;\" alt=\"Noa Cando\" src=\"https:\/\/i0.wp.com\/www.cobdc.net\/gtbescolars\/wp-content\/uploads\/2022\/10\/Noa-Cando-Soler-e1664606880446.jpg?fit=985%2C985&#038;ssl=1\"  data-min-height=\"172\"   \/><div id=\"interactive-banner-wrap-6485\" class=\"ult-new-ib-desc\" style=\"background:banner_style;\"><h2 class=\"ult-new-ib-title ult-responsive\"  data-ultimate-target='#interactive-banner-wrap-6485 .ult-new-ib-title'  data-responsive-json-new='{\"font-size\":\"\",\"line-height\":\"\"}'  style=\"font-weight:normal;color:#2a9675;\">Noa Cando<\/h2><div class=\"ult-new-ib-content ult-responsive\"  data-ultimate-target='#interactive-banner-wrap-6485 .ult-new-ib-content'  data-responsive-json-new='{\"font-size\":\"\",\"line-height\":\"\"}'  style=\"font-weight:normal;color:#2a9675;\"><p>Bibliotec\u00e0ria escolar<\/p><\/div><\/div><a class=\"ult-new-ib-link\" href=\"http:\/\/bibliorequesens.blogspot.com\" title=\"Biblioteca Jordina Vidal. INS Lluis de Requesens\" target=\"_blank\" rel=\"noopener\"  ><\/a><\/div><div class=\"ult-new-ib ult-ib-effect-style5  ult-ib-resp ult-ib2-min-height \" data-min-width=\"768\" data-max-width=\"900\" style=\"background:#ffffff; opacity:0; \" data-opacity=\"1\" data-hover-opacity=\"0.3\"  data-min-height=\"172\" ><img decoding=\"async\" class=\"ult-new-ib-img\" style=\"opacity:1;\" alt=\"null\" src=\"https:\/\/i0.wp.com\/www.cobdc.net\/gtbescolars\/wp-content\/uploads\/2026\/01\/43732670_1867077263399673_3489813902383638266_n.jpg?fit=1080%2C1080&#038;ssl=1\"  data-min-height=\"172\"   \/><div id=\"interactive-banner-wrap-6580\" class=\"ult-new-ib-desc\" style=\"background:banner_style;\"><h2 class=\"ult-new-ib-title ult-responsive\"  data-ultimate-target='#interactive-banner-wrap-6580 .ult-new-ib-title'  data-responsive-json-new='{\"font-size\":\"\",\"line-height\":\"\"}'  style=\"font-weight:normal;color:#2a9675;\">Montserrat Pu\u00f1et<\/h2><div class=\"ult-new-ib-content ult-responsive\"  data-ultimate-target='#interactive-banner-wrap-6580 .ult-new-ib-content'  data-responsive-json-new='{\"font-size\":\"\",\"line-height\":\"\"}'  style=\"font-weight:normal;color:#2a9675;\"><p>Periodista i futura bibliotec\u00e0ria<\/p><\/div><\/div><\/div>[\/vc_column_inner][vc_column_inner width=&#8221;1\/6&#8243;]<div class=\"ult-new-ib ult-ib-effect-style5  ult-ib-resp ult-ib2-min-height \" data-min-width=\"768\" data-max-width=\"900\" style=\"background:#ffffff; opacity:0; \" data-opacity=\"1\" data-hover-opacity=\"0.3\"  data-min-height=\"172\" ><img decoding=\"async\" class=\"ult-new-ib-img\" style=\"opacity:1;\" alt=\"Sabrina Silva\" src=\"https:\/\/i0.wp.com\/www.cobdc.net\/gtbescolars\/wp-content\/uploads\/2022\/10\/Silva-Villaverde-Sabrina-Nilda_Bibliotecaria-Documentalista-1-scaled-e1664609008213.jpg?fit=1879%2C1881&#038;ssl=1\"  data-min-height=\"172\"   \/><div id=\"interactive-banner-wrap-7748\" class=\"ult-new-ib-desc\" style=\"background:banner_style;\"><h2 class=\"ult-new-ib-title ult-responsive\"  data-ultimate-target='#interactive-banner-wrap-7748 .ult-new-ib-title'  data-responsive-json-new='{\"font-size\":\"\",\"line-height\":\"\"}'  style=\"font-weight:normal;color:#2a9675;\">Sabrina Silva<\/h2><div class=\"ult-new-ib-content ult-responsive\"  data-ultimate-target='#interactive-banner-wrap-7748 .ult-new-ib-content'  data-responsive-json-new='{\"font-size\":\"\",\"line-height\":\"\"}'  style=\"font-weight:normal;color:#2a9675;\"><p>Bibliotec\u00e0ria documentalista<\/p><\/div><\/div><\/div><div class=\"ult-new-ib ult-ib-effect-style5  ult-ib-resp ult-ib2-min-height \" data-min-width=\"768\" data-max-width=\"900\" style=\"background:#ffffff; opacity:0; \" data-opacity=\"1\" data-hover-opacity=\"0.3\"  data-min-height=\"172\" ><img decoding=\"async\" class=\"ult-new-ib-img\" style=\"opacity:1;\" alt=\"null\" src=\"https:\/\/i0.wp.com\/www.cobdc.net\/gtbescolars\/wp-content\/uploads\/2026\/01\/IMG_6996.jpg?fit=480%2C640&#038;ssl=1\"  data-min-height=\"172\"   \/><div id=\"interactive-banner-wrap-7267\" class=\"ult-new-ib-desc\" style=\"background:banner_style;\"><h2 class=\"ult-new-ib-title ult-responsive\"  data-ultimate-target='#interactive-banner-wrap-7267 .ult-new-ib-title'  data-responsive-json-new='{\"font-size\":\"\",\"line-height\":\"\"}'  style=\"font-weight:normal;color:#2a9675;\">Beatriz Jover<\/h2><div class=\"ult-new-ib-content ult-responsive\"  data-ultimate-target='#interactive-banner-wrap-7267 .ult-new-ib-content'  data-responsive-json-new='{\"font-size\":\"\",\"line-height\":\"\"}'  style=\"font-weight:normal;color:#2a9675;\"><p>Bibliotec\u00e0ria<\/p><\/div><\/div><\/div>[\/vc_column_inner][vc_column_inner width=&#8221;1\/6&#8243;]<div class=\"ult-new-ib ult-ib-effect-style5  ult-ib-resp ult-ib2-min-height \" data-min-width=\"768\" data-max-width=\"900\" style=\"background:#ffffff; opacity:0; \" data-opacity=\"1\" data-hover-opacity=\"0.3\"  data-min-height=\"172\" ><img decoding=\"async\" class=\"ult-new-ib-img\" style=\"opacity:1;\" alt=\"Iris Gonz\u00e1lez\" src=\"https:\/\/i0.wp.com\/www.cobdc.net\/gtbescolars\/wp-content\/uploads\/2022\/10\/Iris-Gonzalez-e1664606741481.jpg?fit=1324%2C1305&#038;ssl=1\"  data-min-height=\"172\"   \/><div id=\"interactive-banner-wrap-8108\" class=\"ult-new-ib-desc\" style=\"background:banner_style;\"><h2 class=\"ult-new-ib-title ult-responsive\"  data-ultimate-target='#interactive-banner-wrap-8108 .ult-new-ib-title'  data-responsive-json-new='{\"font-size\":\"\",\"line-height\":\"\"}'  style=\"font-weight:normal;color:#2a9675;\">Iris Gonz\u00e1lez<\/h2><div class=\"ult-new-ib-content ult-responsive\"  data-ultimate-target='#interactive-banner-wrap-8108 .ult-new-ib-content'  data-responsive-json-new='{\"font-size\":\"\",\"line-height\":\"\"}'  style=\"font-weight:normal;color:#2a9675;\"><p>Ex-bibliotec\u00e0ria escolar i bibliotec\u00e0ria p\u00fablica infantil<\/p><\/div><\/div><\/div><div class=\"ult-new-ib ult-ib-effect-style5  ult-ib-resp ult-ib2-min-height \" data-min-width=\"768\" data-max-width=\"900\" style=\"background:#ffffff; opacity:0; \" data-opacity=\"1\" data-hover-opacity=\"0.3\"  data-min-height=\"172\" ><div id=\"interactive-banner-wrap-3422\" class=\"ult-new-ib-desc\" style=\"background:banner_style;\"><h2 class=\"ult-new-ib-title ult-responsive\"  data-ultimate-target='#interactive-banner-wrap-3422 .ult-new-ib-title'  data-responsive-json-new='{\"font-size\":\"\",\"line-height\":\"\"}'  style=\"font-weight:normal;color:#2a9675;\">Maria Carmen L\u00f3pez Moya<\/h2><div class=\"ult-new-ib-content ult-responsive\"  data-ultimate-target='#interactive-banner-wrap-3422 .ult-new-ib-content'  data-responsive-json-new='{\"font-size\":\"\",\"line-height\":\"\"}'  style=\"font-weight:normal;color:#2a9675;\"><p>Bibliotec\u00e0ria<\/p><\/div><\/div><a class=\"ult-new-ib-link\" target=\"_blank\" rel=\"noopener\"  ><\/a><\/div>[\/vc_column_inner][\/vc_row_inner]<div class=\"ult-new-ib ult-ib-effect-style5  ult-ib-resp ult-ib2-min-height \" data-min-width=\"768\" data-max-width=\"900\" style=\"background:#ffffff; opacity:0; \" data-opacity=\"1\" data-hover-opacity=\"0.3\"  data-min-height=\"172\" ><img decoding=\"async\" class=\"ult-new-ib-img\" style=\"opacity:1;\" alt=\"Silueta\" src=\"https:\/\/i0.wp.com\/www.cobdc.net\/gtbescolars\/wp-content\/uploads\/2022\/10\/856-8561030_silhouette-gender-neutral-head-silhouette-e1664609529384.jpg?fit=802%2C802&#038;ssl=1\"  data-min-height=\"172\"   \/><div id=\"interactive-banner-wrap-9010\" class=\"ult-new-ib-desc\" style=\"background:banner_style;\"><h2 class=\"ult-new-ib-title ult-responsive\"  data-ultimate-target='#interactive-banner-wrap-9010 .ult-new-ib-title'  data-responsive-json-new='{\"font-size\":\"\",\"line-height\":\"\"}'  style=\"font-weight:normal;color:#2a9675;\">Ajuda'ns a millorar les biblioteques escolars a Catalunya<\/h2><div class=\"ult-new-ib-content ult-responsive\"  data-ultimate-target='#interactive-banner-wrap-9010 .ult-new-ib-content'  data-responsive-json-new='{\"font-size\":\"\",\"line-height\":\"\"}'  style=\"font-weight:normal;color:#2a9675;\"><p>Uneix-te al grup!<\/p><\/div><\/div><\/div><div class=\"ult-spacer spacer-69f5b2e44efcf\" data-id=\"69f5b2e44efcf\" data-height=\"70\" data-height-mobile=\"30\" data-height-tab=\"50\" data-height-tab-portrait=\"50\" data-height-mobile-landscape=\"30\" style=\"clear:both;display:block;\"><\/div>[\/vc_column][\/vc_row][vc_row el_class=&#8221;mobile-pad&#8221; css=&#8221;.vc_custom_1457642321522{margin-bottom: 0px !important;}&#8221;][vc_column css=&#8221;.vc_custom_1457642387034{padding-right: 0px !important;padding-left: 0px !important;}&#8221;]<div class=\"ult-spacer spacer-69f5b2e44efd9\" data-id=\"69f5b2e44efd9\" data-height=\"30\" data-height-mobile=\"30\" data-height-tab=\"50\" data-height-tab-portrait=\"50\" data-height-mobile-landscape=\"30\" style=\"clear:both;display:block;\"><\/div>[vc_row_inner css=&#8221;.vc_custom_1457642437075{margin: 0px !important;padding: 0px !important;}&#8221;][vc_column_inner width=&#8221;1\/4&#8243;][\/vc_column_inner][vc_column_inner width=&#8221;1\/2&#8243;]<div class=\"ult_pricing_table_wrap ult_info_table ult_design_4  ult-cs-custom  \">\r\n\t\t\t\t\t<div class=\"ult_pricing_table info_min_ht\" style=\"background:#ffffff;border-top-color:#2a9675; min-height:410px;\"><div id=\"Info-table-wrap-8122\" class=\"ult_pricing_heading\">\r\n\t\t\t\t\t\t\t<h3 class=\"ult-responsive\"  data-ultimate-target='#Info-table-wrap-8122 h3'  data-responsive-json-new='{\"font-size\":\"desktop:24px;\",\"line-height\":\"\"}'  style=\"font-family:&#039;Source Sans Pro&#039;;font-weight:bold;\">Vols formar part del grup?<\/h3><\/div><!--ult_pricing_heading--><div class=\"ult_price_body_block\">\r\n\t\t\t\t\t\t\t<div class=\"ult_price_body\">\r\n\t\t\t\t\t\t\t\t<div class=\"ult_price\">\r\n\t\t\t\t\t\t\t\t\t<div class=\"ult-just-icon-wrapper  \"><div class=\"align-icon\" style=\"text-align:center;\"><\/div><\/div>\r\n\t\t\t\t\t\t\t\t<\/div>\r\n\t\t\t\t\t\t\t<\/div>\r\n\t\t\t\t\t\t<\/div><!--ult_price_body_block--><div id=\"info_table_features_wrap-4585\"  data-ultimate-target='#info_table_features_wrap-4585.ult_price_features'  data-responsive-json-new='{\"font-size\":\"desktop:16px;\",\"line-height\":\"desktop:24px;\"}'  class=\"ult-responsive ult_price_features\" style=\"font-family:&#039;Source Sans Pro&#039;;font-weight:normal;font-size:desktop:16px;px;line-height:desktop:24px;px;\">\r\n\t\t\t\t\t\t\t<p style=\"text-align: left;\"><strong>Es prioritza:<\/strong><\/p>\n<ol>\n<li style=\"text-align: left;\">Ser bibliotecari o bibliotec\u00e0ria escolar. Els perfils d&#8217;altres sectors es valoraran.<\/li>\n<li style=\"text-align: left;\">Ser col\u00b7legiat\/da del Col\u00b7legi Oficial de Bibliotecaris i Documentalistes de Catalunya.<\/li>\n<li style=\"text-align: left;\">Un comprom\u00eds d\u2019assist\u00e8ncia m\u00ednima a dues reunions anuals.<\/li>\n<\/ol>\n\r\n\t\t\t\t\t\t<\/div><!--ult_price_features--><div id=\"info_table_btn_wrap-7792\" class=\"ult_price_link\" style=\"background:#ffffff;border-top-color:#2a9675;\">\r\n\t\t\t\t\t\t\t<a href=\"https:\/\/www.cobdc.net\/gtbescolars\/contact\/\" title=\"Formulari d&#039;adhesi\u00f3 al grup\" target=\"_blank\" rel=\"noopener\"   data-ultimate-target='#info_table_btn_wrap-7792 .ult_price_action_button'  data-responsive-json-new='{\"font-size\":\"desktop:16px;\",\"line-height\":\"desktop:24px;\"}'  class=\"ult-responsive ult_price_action_button\" style=\"background:#2a9675;color:#ffffff; font-family:&#039;Source Sans Pro&#039;;font-weight:normal;\">Uneix-te!<\/a>\r\n\t\t\t\t\t\t<\/div><!--ult_price_link--><div class=\"ult_clr\"><\/div>\r\n\t\t\t<\/div><!--pricing_table-->\r\n\t\t<\/div><!--pricing_table_wrap-->[\/vc_column_inner][vc_column_inner width=&#8221;1\/4&#8243;][\/vc_column_inner][\/vc_row_inner]<div class=\"ult-spacer spacer-69f5b2e44f083\" data-id=\"69f5b2e44f083\" data-height=\"70\" data-height-mobile=\"30\" data-height-tab=\"50\" data-height-tab-portrait=\"50\" data-height-mobile-landscape=\"30\" style=\"clear:both;display:block;\"><\/div>[\/vc_column][\/vc_row]\n<\/div>","protected":false},"excerpt":{"rendered":"<p>[vc_row bg_type=&#8221;image&#8221; parallax_style=&#8221;vcpb-default&#8221; bg_image_new=&#8221;1713|http:\/\/greenassociatesaccountants.com\/dynamism\/wp-content\/uploads\/2015\/02\/A-4.jpg&#8221; bg_image_repeat=&#8221;no-repeat&#8221; bg_image_posiiton=&#8221;bottom top&#8221; enable_overlay=&#8221;enable_overlay_value&#8221; overlay_color=&#8221;rgba(10,10,10,0.7)&#8221; overlay_pattern=&#8221;transperant&#8221; css=&#8221;.vc_custom_1457639796132{margin-bottom: 0px !important;}&#8221; el_class=&#8221;mobile-pad&#8221;][vc_column css=&#8221;.vc_custom_1457639811633{padding-right: 0px !important;padding-left: 0px !important;}&#8221;][\/vc_column][\/vc_row][vc_row el_class=&#8221;mobile-pad&#8221; css=&#8221;.vc_custom_1457639858184{margin-bottom: 0px !important;}&#8221;][vc_column css=&#8221;.vc_custom_1457639830569{padding-right: 0px !important;padding-left: 0px !important;}&#8221;][vc_row_inner css=&#8221;.vc_custom_1457639878326{margin: 0px [&hellip;]<\/p>\n","protected":false},"author":2,"featured_media":0,"parent":0,"menu_order":0,"comment_status":"closed","ping_status":"closed","template":"template-homepage.php","meta":{"nf_dc_page":"","footnotes":""},"class_list":["post-2084","page","type-page","status-publish","hentry"],"jetpack_sharing_enabled":true,"_links":{"self":[{"href":"https:\/\/www.cobdc.net\/gtbescolars\/wp-json\/wp\/v2\/pages\/2084","targetHints":{"allow":["GET"]}}],"collection":[{"href":"https:\/\/www.cobdc.net\/gtbescolars\/wp-json\/wp\/v2\/pages"}],"about":[{"href":"https:\/\/www.cobdc.net\/gtbescolars\/wp-json\/wp\/v2\/types\/page"}],"author":[{"embeddable":true,"href":"https:\/\/www.cobdc.net\/gtbescolars\/wp-json\/wp\/v2\/users\/2"}],"replies":[{"embeddable":true,"href":"https:\/\/www.cobdc.net\/gtbescolars\/wp-json\/wp\/v2\/comments?post=2084"}],"version-history":[{"count":5,"href":"https:\/\/www.cobdc.net\/gtbescolars\/wp-json\/wp\/v2\/pages\/2084\/revisions"}],"predecessor-version":[{"id":4756,"href":"https:\/\/www.cobdc.net\/gtbescolars\/wp-json\/wp\/v2\/pages\/2084\/revisions\/4756"}],"wp:attachment":[{"href":"https:\/\/www.cobdc.net\/gtbescolars\/wp-json\/wp\/v2\/media?parent=2084"}],"curies":[{"name":"wp","href":"https:\/\/api.w.org\/{rel}","templated":true}]}}