{"id":338,"date":"2017-12-21T13:13:34","date_gmt":"2017-12-21T12:13:34","guid":{"rendered":"http:\/\/www.cobdc.net\/15JCID\/?page_id=338"},"modified":"2020-01-30T16:07:44","modified_gmt":"2020-01-30T15:07:44","slug":"patrocinadors","status":"publish","type":"page","link":"https:\/\/www.cobdc.net\/15JCID\/patrocinadors\/","title":{"rendered":"Patrocinadors"},"content":{"rendered":"<p style=\"text-align: justify;\">El patrocini de les Jornades ofereixen l&#8217;oportunitat de visibilitat en un entorn altament professional per a empreses i institucions relacionades amb el sector de la biblioteconomia, la documentaci\u00f3 i la informaci\u00f3.<\/p>\n<p style=\"text-align: justify;\">Les Jornades Catalanes representen la inquietud dels professionals que treballen a biblioteques, centres de documentaci\u00f3 i serveis d&#8217;informaci\u00f3 de l&#8217;empresa i l&#8217;administraci\u00f3, per compartir experi\u00e8ncies i coneixements, per aprendre i opinar, amb un objectiu com\u00fa final d\u2019impulsar i millorar la professi\u00f3 que afronta el repte d\u2019adaptar-se a les noves realitats tecnol\u00f2giques i del mercat laboral.<\/p>\n<p>Les empreses i institucions que participen i col\u00b7laboren enguany a les Jornades s\u00f3n:<\/p>\n<p>&nbsp;<\/p>\n<table style=\"width: 680px;\">\n<tbody>\n<tr style=\"height: 76px;\">\n<td style=\"width: 344.6px; text-align: left; vertical-align: middle; height: 76px;\"><a href=\"https:\/\/www.diba.cat\/ca\" target=\"_blank\" rel=\"noopener\">Diputaci\u00f3 de Barcelona. \u00c0rea de Cultura, Educaci\u00f3 i Esports<\/a><\/td>\n<td style=\"width: 234.4px; height: 76px;\"><img loading=\"lazy\" decoding=\"async\" class=\"size-full wp-image-602 aligncenter\" src=\"http:\/\/www.cobdc.net\/15JCID\/wp-content\/uploads\/2018\/01\/Diputacio-web.gif\" alt=\"\" width=\"200\" height=\"30\" \/><\/td>\n<\/tr>\n<tr style=\"height: 76px;\">\n<td style=\"width: 344.6px; text-align: left; vertical-align: middle; height: 76px;\"><a href=\"http:\/\/web.gencat.cat\/ca\/inici\/\">Generalitat de Catalunya. Departament de Cultura<\/a><\/td>\n<td style=\"width: 234.4px; height: 76px;\"><img loading=\"lazy\" decoding=\"async\" class=\"size-full wp-image-602 aligncenter\" src=\"http:\/\/www.cobdc.net\/15JCID\/wp-content\/uploads\/2018\/01\/cultura-web-copia.png\" alt=\"\" width=\"200\" height=\"32\" \/><\/td>\n<\/tr>\n<tr style=\"height: 76px;\">\n<td style=\"width: 344.6px; text-align: left; vertical-align: middle; height: 76px;\"><a href=\"http:\/\/spanien.um.dk\/\">Embajada de Dinamarca<\/a><\/td>\n<td style=\"width: 234.4px; height: 76px;\"><img loading=\"lazy\" decoding=\"async\" class=\"size-full wp-image-602 aligncenter\" src=\"http:\/\/www.cobdc.net\/15JCID\/wp-content\/uploads\/2018\/02\/Sponsor_Embajada.png\" alt=\"\" width=\"58\" height=\"105\" \/><\/td>\n<\/tr>\n<tr style=\"height: 76px;\">\n<td style=\"width: 344.6px; text-align: left; vertical-align: middle; height: 76px;\"><a href=\"http:\/\/www.fesabid.org\/\">Fesabid<\/a><\/td>\n<td style=\"width: 234.4px; height: 76px;\"><img loading=\"lazy\" decoding=\"async\" class=\"size-full wp-image-602 aligncenter\" src=\"http:\/\/www.cobdc.net\/15JCID\/wp-content\/uploads\/2018\/12\/fesabid-1.png\" alt=\"\" width=\"90\" height=\"64\" \/><\/td>\n<\/tr>\n<tr style=\"height: 76px;\">\n<td style=\"width: 344.6px; text-align: left; vertical-align: middle; height: 76px;\"><a href=\"http:\/\/www.techkovery.es\/\">Techkovery<\/a><\/td>\n<td style=\"width: 234.4px; height: 76px;\"><img loading=\"lazy\" decoding=\"async\" class=\"size-full wp-image-670 aligncenter\" src=\"http:\/\/www.cobdc.net\/15JCID\/wp-content\/uploads\/2018\/02\/techkovery.png\" alt=\"\" width=\"150\" height=\"37\" \/><\/td>\n<\/tr>\n<tr style=\"height: 76px;\">\n<td style=\"width: 344.6px; text-align: left; vertical-align: middle; height: 76px;\"><a href=\"http:\/\/veraicon.cat\">Veraicon<\/a><\/td>\n<td style=\"width: 234.4px; height: 76px;\"><img loading=\"lazy\" decoding=\"async\" class=\"size-full wp-image-602 aligncenter\" src=\"http:\/\/www.cobdc.net\/15JCID\/wp-content\/uploads\/2018\/02\/veraicon.png\" alt=\"\" width=\"169\" height=\"62\" \/><\/td>\n<\/tr>\n<tr style=\"height: 76px;\">\n<td style=\"width: 344.6px; text-align: left; vertical-align: middle; height: 76px;\"><a href=\"http:\/\/xercode.es\/\">Xercode<\/a><\/td>\n<td style=\"width: 234.4px; height: 76px;\">\u00a0<img loading=\"lazy\" decoding=\"async\" class=\"size-full wp-image-690 aligncenter\" src=\"http:\/\/www.cobdc.net\/15JCID\/wp-content\/uploads\/2018\/02\/xercode.png\" alt=\"\" width=\"150\" height=\"28\" \/><\/td>\n<\/tr>\n<tr style=\"height: 76px;\">\n<td style=\"width: 344.6px; text-align: left; vertical-align: middle; height: 76px;\"><a href=\"http:\/\/www.102novadoc.es\/\">102Novadoc<\/a><\/td>\n<td style=\"width: 234.4px; height: 76px;\">\u00a0<img loading=\"lazy\" decoding=\"async\" class=\"size-full wp-image-450 aligncenter\" src=\"http:\/\/www.cobdc.net\/15JCID\/wp-content\/uploads\/2018\/02\/102innovacion.png\" alt=\"\" width=\"170\" height=\"45\" \/><\/td>\n<\/tr>\n<tr style=\"height: 76px;\">\n<td style=\"width: 344.6px; text-align: left; vertical-align: middle; height: 76px;\"><a href=\"https:\/\/www.lesrevistes.cat\/\">APPEC<\/a><\/td>\n<td style=\"width: 234.4px; height: 76px;\">\u00a0<img loading=\"lazy\" decoding=\"async\" class=\"size-full wp-image-374 aligncenter\" src=\"http:\/\/www.cobdc.net\/15JCID\/wp-content\/uploads\/2018\/04\/appec.jpg\" alt=\"\" width=\"150\" height=\"42\" \/><\/td>\n<\/tr>\n<tr style=\"height: 76px;\">\n<td style=\"width: 344.6px; text-align: left; vertical-align: middle; height: 76px;\"><a href=\"http:\/\/www.arteymemoria.com\/\">Arte y Memoria<\/a><\/td>\n<td style=\"width: 234.4px; height: 76px;\"><img loading=\"lazy\" decoding=\"async\" class=\"size-full wp-image-374 aligncenter\" src=\"http:\/\/www.cobdc.net\/15JCID\/wp-content\/uploads\/2018\/02\/Logo-AM-1.png\" alt=\"\" width=\"98\" height=\"93\" \/><\/td>\n<\/tr>\n<tr style=\"height: 76px;\">\n<td style=\"width: 344.6px; text-align: left; vertical-align: middle; height: 76px;\"><a href=\"http:\/\/www.lecturafacil.net\/\">Associaci\u00f3 Lectura F\u00e0cil<\/a><\/td>\n<td style=\"width: 234.4px; height: 76px;\"><img loading=\"lazy\" decoding=\"async\" class=\"size-full wp-image-374 aligncenter\" src=\"http:\/\/www.cobdc.net\/15JCID\/wp-content\/uploads\/2018\/04\/ALF-15anys.png\" alt=\"\" width=\"117\" height=\"85\" \/><\/td>\n<\/tr>\n<tr style=\"height: 76px;\">\n<td style=\"width: 344.6px; text-align: left; vertical-align: middle; height: 76px;\"><a href=\"http:\/\/bertablasi.com\/\">BBlasi &#8211; conservaci\u00f3 i restauraci\u00f3<\/a><\/td>\n<td style=\"width: 234.4px; height: 76px;\"><img loading=\"lazy\" decoding=\"async\" class=\"size-full wp-image-374 aligncenter\" src=\"http:\/\/www.cobdc.net\/15JCID\/wp-content\/uploads\/2018\/01\/Versions-logo-BertaBlasi.png\" alt=\"\" width=\"200\" height=\"89\" \/><\/td>\n<\/tr>\n<tr style=\"height: 76px;\">\n<td style=\"width: 344.6px; text-align: left; vertical-align: middle; height: 76px;\"><a href=\"http:\/\/www.bnc.cat\">Biblioteca de Catalunya<\/a><\/td>\n<td style=\"width: 234.4px; height: 76px;\">\u00a0<img loading=\"lazy\" decoding=\"async\" class=\"size-full wp-image-812 aligncenter\" src=\"http:\/\/www.cobdc.net\/15JCID\/wp-content\/uploads\/2018\/03\/biblioteca-catalunya.png\" alt=\"\" width=\"150\" height=\"36\" \/><\/td>\n<\/tr>\n<tr style=\"height: 76px;\">\n<td style=\"width: 344.6px; text-align: left; vertical-align: middle; height: 76px;\"><a href=\"https:\/\/www.boolino.es\/ca\/\">Boolino<\/a><\/td>\n<td style=\"width: 234.4px; height: 76px;\"><img loading=\"lazy\" decoding=\"async\" class=\"size-full wp-image-374 aligncenter\" src=\"http:\/\/www.cobdc.net\/15JCID\/wp-content\/uploads\/2018\/01\/boolino-FictionExpress_Color_H.png\" alt=\"\" width=\"220\" height=\"74\" \/><\/td>\n<\/tr>\n<tr style=\"height: 67px;\">\n<td style=\"width: 344.6px; text-align: left; vertical-align: middle; height: 67px;\"><a href=\"http:\/\/www.casamariol.com\/ca\/\">Casa Mariol<\/a><\/td>\n<td style=\"width: 234.4px; height: 67px;\"><img loading=\"lazy\" decoding=\"async\" class=\"size-full wp-image-791 aligncenter\" src=\"http:\/\/www.cobdc.net\/15JCID\/wp-content\/uploads\/2018\/03\/casa-mariol.jpg\" alt=\"\" width=\"127\" height=\"101\" \/><\/td>\n<\/tr>\n<tr style=\"height: 67px;\">\n<td style=\"width: 344.6px; text-align: left; vertical-align: middle; height: 67px;\"><a href=\"http:\/\/www.c-doc.net\/es\/\">C-DOC <\/a><\/td>\n<td style=\"width: 234.4px; height: 67px;\">\u00a0<a href=\"http:\/\/www.c-doc.net\/es\/\" target=\"_blank\" rel=\"noopener\"><img loading=\"lazy\" decoding=\"async\" class=\"size-full wp-image-339 aligncenter\" src=\"http:\/\/www.cobdc.net\/15JCID\/wp-content\/uploads\/2018\/01\/c-doc.jpg\" alt=\"\" width=\"208\" height=\"70\" \/><\/a><\/td>\n<\/tr>\n<tr style=\"height: 76px;\">\n<td style=\"width: 344.6px; text-align: left; vertical-align: middle; height: 76px;\"><a href=\"http:\/\/crossland.es\/ca\/\">Crossland SL<\/a><\/td>\n<td style=\"width: 234.4px; height: 76px;\"><img loading=\"lazy\" decoding=\"async\" class=\"size-full wp-image-599 aligncenter\" src=\"http:\/\/www.cobdc.net\/15JCID\/wp-content\/uploads\/2018\/02\/crossland.png\" alt=\"\" width=\"160\" height=\"81\" \/><\/td>\n<\/tr>\n<tr style=\"height: 76px;\">\n<td style=\"width: 344.6px; text-align: left; vertical-align: middle; height: 76px;\"><a href=\"http:\/\/www.doctodata.com\/\">Doctodata<\/a><\/td>\n<td style=\"width: 234.4px; height: 76px;\"><img loading=\"lazy\" decoding=\"async\" class=\"size-full wp-image-599 aligncenter\" src=\"http:\/\/www.cobdc.net\/15JCID\/wp-content\/uploads\/2017\/12\/doctodata.jpg\" alt=\"\" width=\"100\" height=\"98\" \/><\/td>\n<\/tr>\n<tr style=\"height: 76px;\">\n<td style=\"width: 344.6px; text-align: left; vertical-align: middle; height: 76px;\"><a href=\"http:\/\/www.editorialuoc.cat\/\">Editorial UOC<\/a><\/td>\n<td style=\"width: 234.4px; height: 76px;\"><img loading=\"lazy\" decoding=\"async\" class=\"aligncenter wp-image-450 size-full\" src=\"http:\/\/www.cobdc.net\/15JCID\/wp-content\/uploads\/2018\/02\/Editorial_UOC-1.jpg\" alt=\"\" width=\"177\" height=\"62\" \/><\/td>\n<\/tr>\n<tr style=\"height: 76px;\">\n<td style=\"width: 344.6px; text-align: left; vertical-align: middle; height: 76px;\"><a href=\"http:\/\/www.e-libro.com\/\">e-Libro<\/a><\/td>\n<td style=\"width: 234.4px; height: 76px;\"><img loading=\"lazy\" decoding=\"async\" class=\"size-full wp-image-649 aligncenter\" src=\"http:\/\/www.cobdc.net\/15JCID\/wp-content\/uploads\/2018\/02\/e-libro.png\" alt=\"\" width=\"150\" height=\"58\" \/><\/td>\n<\/tr>\n<tr style=\"height: 76px;\">\n<td style=\"width: 344.6px; text-align: left; vertical-align: middle; height: 76px;\"><a href=\"http:\/\/www.ub.edu\/biblio\/\">Facultat de Biblioteconomia i Documentaci\u00f3 &#8211; UB<\/a><\/td>\n<td style=\"width: 234.4px; height: 76px;\"><img loading=\"lazy\" decoding=\"async\" class=\"size-full wp-image-649 aligncenter\" src=\"http:\/\/www.cobdc.net\/15JCID\/wp-content\/uploads\/2018\/04\/facultat-ub.png\" alt=\"\" width=\"135\" height=\"65\" \/><\/td>\n<\/tr>\n<tr style=\"height: 76px;\">\n<td style=\"width: 344.6px; text-align: left; vertical-align: middle; height: 76px;\"><a href=\"https:\/\/www.goethe.de\/ins\/es\/es\/index.html\">Goethe-Institut Barcelona<\/a><\/td>\n<td style=\"width: 234.4px; height: 76px;\"><img loading=\"lazy\" decoding=\"async\" class=\"size-full wp-image-649 aligncenter\" src=\"http:\/\/www.cobdc.net\/15JCID\/wp-content\/uploads\/2018\/03\/goethe-institut.jpg\" alt=\"\" width=\"55\" height=\"100\" \/><\/td>\n<\/tr>\n<tr style=\"height: 76px;\">\n<td style=\"width: 344.6px; text-align: left; vertical-align: middle; height: 76px;\"><a href=\"http:\/\/www.hermex.es\/\">Hermex<\/a><\/td>\n<td style=\"width: 234.4px; height: 76px;\">\u00a0<img loading=\"lazy\" decoding=\"async\" class=\"size-full wp-image-649 aligncenter\" src=\"http:\/\/www.cobdc.net\/15JCID\/wp-content\/uploads\/2018\/03\/hermex.jpg\" alt=\"\" width=\"171\" height=\"43\" \/><\/td>\n<\/tr>\n<tr style=\"height: 76px;\">\n<td style=\"width: 344.6px; text-align: left; vertical-align: middle; height: 76px;\"><a href=\"http:\/\/www.infobibliotecas.com\/cat\/index.php\">Infobibliotecas<\/a><\/td>\n<td style=\"width: 234.4px; height: 76px;\">\u00a0<img loading=\"lazy\" decoding=\"async\" class=\"size-full wp-image-604 aligncenter\" src=\"http:\/\/www.cobdc.net\/15JCID\/wp-content\/uploads\/2018\/03\/infobibliotecas-n.jpg\" alt=\"\" width=\"150\" height=\"19\" \/><\/td>\n<\/tr>\n<tr style=\"height: 76px;\">\n<td style=\"width: 344.6px; text-align: left; vertical-align: middle; height: 76px;\"><a href=\"http:\/\/idcare.cat\/\">Idcare<\/a><\/td>\n<td style=\"width: 234.4px; height: 76px;\"><img loading=\"lazy\" decoding=\"async\" class=\"size-full wp-image-604 aligncenter\" src=\"http:\/\/www.cobdc.net\/15JCID\/wp-content\/uploads\/2018\/02\/idcare_peu.png\" alt=\"\" width=\"151\" height=\"53\" srcset=\"https:\/\/www.cobdc.net\/15JCID\/wp-content\/uploads\/2018\/02\/idcare_peu.png 151w, https:\/\/www.cobdc.net\/15JCID\/wp-content\/uploads\/2018\/02\/idcare_peu-150x53.png 150w\" sizes=\"auto, (max-width: 151px) 100vw, 151px\" \/><\/td>\n<\/tr>\n<tr style=\"height: 76px;\">\n<td style=\"width: 344.6px; text-align: left; vertical-align: middle; height: 76px;\"><a href=\"http:\/\/www.laie.es\/index.php\">Laie<\/a><\/td>\n<td style=\"width: 234.4px; height: 76px;\"><img loading=\"lazy\" decoding=\"async\" class=\"size-full wp-image-695 aligncenter\" src=\"http:\/\/www.cobdc.net\/15JCID\/wp-content\/uploads\/2018\/03\/laie.png\" alt=\"\" width=\"100\" height=\"47\" \/><\/td>\n<\/tr>\n<tr style=\"height: 76px;\">\n<td style=\"width: 344.6px; text-align: left; vertical-align: middle; height: 76px;\"><a href=\"https:\/\/legiland.cat\/\">Legiland<\/a><\/td>\n<td style=\"width: 234.4px; height: 76px;\"><img loading=\"lazy\" decoding=\"async\" class=\"size-full wp-image-803 aligncenter\" src=\"http:\/\/www.cobdc.net\/15JCID\/wp-content\/uploads\/2018\/03\/legiland.png\" alt=\"\" width=\"120\" height=\"60\" \/><\/td>\n<\/tr>\n<tr style=\"height: 76px;\">\n<td style=\"width: 344.6px; text-align: left; vertical-align: middle; height: 76px;\"><a href=\"http:\/\/mobles114.com\/ca\/\">Mobles 114 Editions SL<\/a><\/td>\n<td style=\"width: 234.4px; height: 76px;\"><img loading=\"lazy\" decoding=\"async\" class=\"size-full wp-image-695 aligncenter\" src=\"http:\/\/www.cobdc.net\/15JCID\/wp-content\/uploads\/2017\/12\/m114.jpg\" alt=\"\" width=\"160\" height=\"45\" \/><\/td>\n<\/tr>\n<tr style=\"height: 76px;\">\n<td style=\"width: 344.6px; text-align: left; vertical-align: middle; height: 76px;\"><a href=\"http:\/\/www.neschen.es\/\">Neschen<\/a><\/td>\n<td style=\"width: 234.4px; height: 76px;\"><img loading=\"lazy\" decoding=\"async\" class=\"size-full wp-image-647 aligncenter\" src=\"http:\/\/www.cobdc.net\/15JCID\/wp-content\/uploads\/2018\/02\/Neschen.jpg\" alt=\"\" width=\"100\" height=\"50\" \/><\/td>\n<\/tr>\n<tr style=\"height: 76px;\">\n<td style=\"width: 344.6px; text-align: left; vertical-align: middle; height: 76px;\"><a href=\"http:\/\/www.nubilum.cat\/\">Nubilum<\/a><\/td>\n<td style=\"width: 234.4px; height: 76px;\"><img loading=\"lazy\" decoding=\"async\" class=\"size-full wp-image-374 aligncenter\" src=\"http:\/\/www.cobdc.net\/15JCID\/wp-content\/uploads\/2018\/01\/nubilum.png\" alt=\"\" width=\"200\" height=\"46\" \/><\/td>\n<\/tr>\n<tr style=\"height: 76px;\">\n<td style=\"width: 344.6px; text-align: left; vertical-align: middle; height: 76px;\"><a href=\"http:\/\/www.orex.es\">Orex<\/a><\/td>\n<td style=\"width: 234.4px; height: 76px;\"><img loading=\"lazy\" decoding=\"async\" class=\"size-full wp-image-706 aligncenter\" src=\"http:\/\/www.cobdc.net\/15JCID\/wp-content\/uploads\/2018\/02\/orex.jpeg\" alt=\"\" width=\"150\" height=\"43\" \/><\/td>\n<\/tr>\n<tr style=\"height: 76px;\">\n<td style=\"width: 344.6px; text-align: left; vertical-align: middle; height: 76px;\"><a href=\"http:\/\/www.queres.es\/\">Queres<\/a><\/td>\n<td style=\"width: 234.4px; height: 76px;\"><img loading=\"lazy\" decoding=\"async\" class=\"size-full wp-image-693 aligncenter\" src=\"http:\/\/www.cobdc.net\/15JCID\/wp-content\/uploads\/2018\/02\/Queres.png\" alt=\"\" width=\"160\" height=\"47\" \/><\/td>\n<\/tr>\n<tr style=\"height: 91px;\">\n<td style=\"width: 344.6px; text-align: left; vertical-align: middle; height: 91px;\"><a href=\"http:\/\/www.esedece.com\/sdc\/ca\/\">SDC<\/a><\/td>\n<td style=\"width: 234.4px; height: 91px;\"><a href=\"http:\/\/www.esedece.com\/\" target=\"_blank\" rel=\"noopener\"><img loading=\"lazy\" decoding=\"async\" class=\"size-full wp-image-339 aligncenter\" src=\"http:\/\/www.cobdc.net\/15JCID\/wp-content\/uploads\/2017\/12\/SDC-web.jpg\" alt=\"\" width=\"111\" height=\"98\" \/><\/a><\/td>\n<\/tr>\n<tr style=\"height: 76px;\">\n<td style=\"width: 344.6px; text-align: left; vertical-align: middle; height: 76px;\"><a href=\"http:\/\/sprintcopy.com\/\">SprintCopy<\/a><\/td>\n<td style=\"width: 234.4px; height: 76px;\"><img loading=\"lazy\" decoding=\"async\" class=\"size-full wp-image-670 aligncenter\" src=\"http:\/\/www.cobdc.net\/15JCID\/wp-content\/uploads\/2018\/02\/sprint-copy.png\" alt=\"\" width=\"181\" height=\"35\" \/><\/td>\n<\/tr>\n<tr style=\"height: 76px;\">\n<td style=\"width: 344.6px; text-align: left; vertical-align: middle; height: 76px;\"><a href=\"http:\/\/sustec.es\/es\/\">Sustec<\/a><\/td>\n<td style=\"width: 234.4px; height: 76px;\"><img loading=\"lazy\" decoding=\"async\" class=\"size-full wp-image-670 aligncenter\" src=\"http:\/\/www.cobdc.net\/15JCID\/wp-content\/uploads\/2018\/03\/sustec.png\" alt=\"\" width=\"150\" height=\"57\" \/><\/td>\n<\/tr>\n<tr style=\"height: 76px;\">\n<td style=\"width: 344.6px; text-align: left; vertical-align: middle; height: 76px;\"><a href=\"http:\/\/www.uoc.edu\/portal\/ca\/index.html\">UOC &#8211; Universitat Oberta de Catalunya<\/a><\/td>\n<td style=\"width: 234.4px; height: 76px;\"><img loading=\"lazy\" decoding=\"async\" class=\"size-full wp-image-670 aligncenter\" src=\"http:\/\/www.cobdc.net\/15JCID\/wp-content\/uploads\/2018\/03\/uoc-univ.png\" alt=\"\" width=\"140\" height=\"50\" \/><\/td>\n<\/tr>\n<tr style=\"height: 76px;\">\n<td style=\"width: 344.6px; text-align: left; vertical-align: middle; height: 76px;\"><a href=\"https:\/\/www.upc.edu\/ca\">UPC &#8211; Universitat Polit\u00e8cnica de Catalunya<\/a><\/td>\n<td style=\"width: 234.4px; height: 76px;\"><img loading=\"lazy\" decoding=\"async\" class=\"size-full wp-image-855 aligncenter\" src=\"http:\/\/www.cobdc.net\/15JCID\/wp-content\/uploads\/2018\/03\/upc-p.png\" alt=\"\" width=\"180\" height=\"38\" \/><\/td>\n<\/tr>\n<tr style=\"height: 76px;\">\n<td style=\"width: 344.6px; text-align: left; vertical-align: middle; height: 76px;\"><a href=\"https:\/\/www.vidimus.net\/\">Vidimus<\/a><\/td>\n<td style=\"width: 234.4px; height: 76px;\"><a href=\"http:\/\/www.vidimus.net\/\" target=\"_blank\" rel=\"noopener\"><img loading=\"lazy\" decoding=\"async\" class=\"size-full wp-image-339 aligncenter\" src=\"http:\/\/www.cobdc.net\/15JCID\/wp-content\/uploads\/2018\/01\/Vidimus.png\" alt=\"\" width=\"208\" height=\"70\" \/><\/a><\/td>\n<\/tr>\n<\/tbody>\n<\/table>\n<p>&nbsp;<\/p>\n<div style=\"width: 85%; margin: 0px auto; padding: 2px; background: #efefef none repeat scroll 0% 0%; border: 2px solid #ebe9e9; text-align: center;\"><span style=\"font-size: 10pt; font-family: verdana, geneva, sans-serif;\">Si esteu interessats i voleu assegurar-vos la visibilitat entre els professionals, poseu-vos en contacte amb nosaltres (<a href=\"mailto:participacio@cobdc.org?subject=Contacte per espai comercial\">participacio@cobdc.org<\/a> o <strong>933 197 675<\/strong>) i us explicarem com participar.<\/span><\/div>\n","protected":false},"excerpt":{"rendered":"<p>El patrocini de les Jornades ofereixen l&#8217;oportunitat de visibilitat en un entorn altament professional per a empreses i institucions relacionades amb el sector de la biblioteconomia, la documentaci\u00f3 i la informaci\u00f3. Les Jornades Catalanes representen la inquietud dels professionals que &hellip; <a href=\"https:\/\/www.cobdc.net\/15JCID\/patrocinadors\/\">Continua llegint <span class=\"meta-nav\">&rarr;<\/span><\/a><\/p>\n","protected":false},"author":1,"featured_media":0,"parent":0,"menu_order":0,"comment_status":"closed","ping_status":"closed","template":"","meta":{"footnotes":""},"class_list":["post-338","page","type-page","status-publish","hentry"],"_links":{"self":[{"href":"https:\/\/www.cobdc.net\/15JCID\/wp-json\/wp\/v2\/pages\/338","targetHints":{"allow":["GET"]}}],"collection":[{"href":"https:\/\/www.cobdc.net\/15JCID\/wp-json\/wp\/v2\/pages"}],"about":[{"href":"https:\/\/www.cobdc.net\/15JCID\/wp-json\/wp\/v2\/types\/page"}],"author":[{"embeddable":true,"href":"https:\/\/www.cobdc.net\/15JCID\/wp-json\/wp\/v2\/users\/1"}],"replies":[{"embeddable":true,"href":"https:\/\/www.cobdc.net\/15JCID\/wp-json\/wp\/v2\/comments?post=338"}],"version-history":[{"count":85,"href":"https:\/\/www.cobdc.net\/15JCID\/wp-json\/wp\/v2\/pages\/338\/revisions"}],"predecessor-version":[{"id":1285,"href":"https:\/\/www.cobdc.net\/15JCID\/wp-json\/wp\/v2\/pages\/338\/revisions\/1285"}],"wp:attachment":[{"href":"https:\/\/www.cobdc.net\/15JCID\/wp-json\/wp\/v2\/media?parent=338"}],"curies":[{"name":"wp","href":"https:\/\/api.w.org\/{rel}","templated":true}]}}